*u + 7. Let f be 3 - (-3 - -1) - -2. Suppose 5*i - 4*q = 17 - f, i = -q + 11. Determine d(i).
-17
Let t(w) = -w**2 - 6*w - 26. Suppose 21*c - 630 + 14 = 109*c. What is t(c)?
-33
Let n(q) be the third derivative of q**6/120 + q**5/20 - 5*q**4/24 - q**3/3 - 73*q**2 - 1. Suppose -10 - 8 = 6*d. Determine n(d).
13
Let b(p) be the second derivative of p**7/2520 + p**6/240 - 63*p**4/2 + 7*p - 9. Let q(g) be the third derivative of b(g). Let i = -9 + 5. Determine q(i).
4
Let u(k) be the second derivative of k**6/60 - k**5/120 - k**3/2 + k. Let b(z) be the second derivative of u(z). Let m be (0 - 2 - 0)/1 - -1. Give b(m).
7
Let u = 1201 + -1205. Let d(m) = -6*m - 5. Let b(p) = -7*p - 6. Let t(f) = 5*b(f) - 6*d(f). Calculate t(u).
-4
Let o = 36 + -32. Let u(f) = 8*f + 8. Let w be u(o). Suppose -3*k = 5*b + w, 0*b + 4*k + 25 = -b. Let a(j) = 2*j**2 + 6*j - 3. Determine a(b).
17
Let s(m) = -m**2 - 2581 - 2*m - 2576 + 5*m**3 + 5155. What is s(-1)?
-6
Let s(b) = -b**2 - 6*b + 11. Suppose 829 + 1307 = 12*r. Suppose 0 = -r*u + 183*u + 40. What is s(u)?
-5
Let i(f) = -3*f**3 - 11*f**2 - 16*f - 28. Let q(j) = 7*j**3 + 22*j**2 + 30*j + 55. Let d(u) = 9*i(u) + 4*q(u). What is d(13)?
-6
Let h(o) = -3*o + 4. Let d be h(3). Let x(n) = 6*n**3 + n**2 + 31*n - 14. Let f(m) = -7*m**3 - 36*m + 17. Let u(l) = 5*f(l) + 6*x(l). Give u(d).
-4
Let q(l) = -3. Let i be (1 - 30/8)/((-25)/100). Let y(d) = -d - 16. Let f(c) = i*q(c) - 2*y(c). Let g(h) = -h. Let p(k) = -2*f(k) - 6*g(k). Calculate p(3).
8
Let z(q) = -2*q**2 + 4*q + 33. Let s be z(5). Let p(o) = 8*o**2 + o**s - 29*o - 126 + 128 + 36*o. Calculate p(-7).
2
Let n(f) = -f + 8. Let u = -96 + 136. Let d be 7/((-84)/u)*-15. Suppose -43 + d = s. What is n(s)?
1
Let k(v) = -v**2 - 2*v + 27. Let m = 8438 - 8444. What is k(m)?
3
Let r(o) = 4*o**2 - 33*o - 19. Let n(j) = -j**2 + 8*j + 5. Let b(t) = 9*n(t) + 2*r(t). Suppose -8*u = 2*u - 550. Let z = -49 + u. What is b(z)?
7
Let u(g) = 36 - 41 + 18 + 3*g. Calculate u(-6).
-5
Let f(m) be the third derivative of -m**6/60 - m**5/6 - 3*m**4/8 - 5*m**3/6 + m**2 + 634*m. Calculate f(-4).
-1
Let k(q) = -117*q - 125 + 115*q + 158. Determine k(11).
11
Suppose 0 = -19*a - 16*a + 408 + 47. Let x(j) = j**3 - 13*j**2 - 3*j + 42. Calculate x(a).
3
Suppose t - 2*l + 33 = -0*l, -3*l = -6. Let o = 20 + t. Let c(p) = p**2 + 11*p + 20. Let y be c(o). Let h(x) = -x**2 + 3*x - 3. Give h(y).
-1
Let p(z) = 10*z**2 - 31*z - 11. Let u(j) = -54*j**2 + 162*j + 57. Let m(y) = -11*p(y) - 2*u(y). Determine m(9).
-2
Let p(o) = -o**3 - 25*o**2 - 46*o + 30. Let m be p(-23). Suppose -5*d + l = -m, 5*l = 2*d - 7*d. Let t(y) = y**3 - 5*y**2 + 5*y - 6. Calculate t(d).
19
Let x(b) = 14*b - 1. Let g be 22/5*(-4 + -1). Let m = g + 15. Let n be (m/(-14))/((-2)/4). Give x(n).
-15
Let v(z) = -z - 9 + 15 - 13. Let g be v(-4). Let k(h) = h**2 - 3*h**2 - 3*h + h**2. What is k(g)?
0
Let r(i) be the third derivative of -1/60*i**5 + 0 + 0*i**3 + 1/12*i**4 + 2*i**2 - 1/120*i**6 + 26*i. Calculate r(-2).
0
Let f be (60/9)/2*(-4704)/(-560). Let g(r) be the first derivative of 1/2*r**2 - f + 3*r. Calculate g(0).
3
Suppose 6*f - 5*f - 3 = 0. Suppose -5*h = -f*h - 8. Let n(q) = 3*q + h - 2 + 0. What is n(-2)?
-4
Let t(v) = 5*v**3 + 10*v**2 + 100*v - 1. Let m(z) = -6*z**3 - 11*z**2 - 124*z + 2. Let c(o) = -4*m(o) - 5*t(o). Let q be 1/4 + 99/(-44). Determine c(q).
-11
Suppose -1071 = -11*p + 14*p. Let j = p - -356. Let h(v) = -7*v**3 + v + 1. Determine h(j).
7
Let g(y) = y**3 - 7*y**2 - 8*y - 3. Let n = -78 + 82. Let d be 2/n + (-15)/(-2). Determine g(d).
-3
Let h(z) be the first derivative of z**4/4 - z**3/3 + z**2/2 + 2*z + 324. Let o be 3 + (9/27)/((-1)/3). Determine h(o).
8
Let t(l) = l**3 + 7*l**2 + 7*l + 11. Let p be t(-6). Suppose p*w - 71 + 61 = 0. Let s(k) = 4 - 5 + 18*k**2 - 20*k**w. What is s(2)?
-9
Let k(h) = 14*h**2 + 22*h**2 - 7*h + 23*h**2 - 75*h**2 - 50 + 17*h**2. Determine k(-5).
10
Let p be (((-400)/(-28))/5)/(6/231). Let c(g) = -p*g + 57*g - 1 + 53*g - 5*g**3 + 2*g**2. What is c(1)?
-4
Let j be (-7)/(-1) - (7 + -16)/(-3). Suppose o - 2*t = j, t - 20 = 6*t. Let s(p) = p**3 + 5*p**2 + 7*p + 6. What is s(o)?
-6
Let h(l) = l - 34. Let n(d) = 4*d - 209. Let i(g) = -6*h(g) + n(g). Calculate i(8).
-21
Let s(q) = -q**2. Let m(t) = t**3 - 7*t**2 + t - 6. Suppose -2*y + 4*f + 72 = 0, 0 = y + 2*f + 2*f - 12. Suppose -v - y + 35 = 0. Let o be m(v). What is s(o)?
-1
Let w(r) = -r**3 - r - 7. Let t be 0/(-3 + 2)*1 - 43. Let g = -40 - t. Suppose -2*p = g*p + p. Determine w(p).
-7
Let n be (84/70)/(6/10). Let r(p) = 4*p - n*p + 1 - 4203*p**2 + 4202*p**2. Give r(-4).
-23
Let w = 0 - 8. Let q(l) be the second derivative of -l**5/20 - 7*l**4/12 + 5*l**3/6 - 3*l**2 + 78*l + 2. What is q(w)?
18
Suppose 48 = 4*y + 3*c + 33, -10 = 2*y + 4*c. Let p(u) = -u**3 + 9*u**2 + 3*u + 10. Calculate p(y).
37
Let x = 10142 - 20283/2. Let f(a) be the third derivative of -5/24*a**4 + a**2 - x*a**3 + 1/60*a**5 + 0*a + 1/120*a**6 + 0. Calculate f(-3).
-6
Let n(o) = 4*o**3 + 16*o**2 + 7*o - 5. Let l(s) = 5*s**3 + 18*s**2 + 8*s - 6. Let g(v) = 5*l(v) - 6*n(v). Give g(6).
-12
Let n(v) = 17*v**2 - 5*v + 47. Let k(u) = -10*u**2 + 2*u - 25. Let t(j) = 5*k(j) + 3*n(j). Give t(7).
30
Let m(v) = 13*v**3 + 9*v + 2. Suppose 15 = 4*t - t. Let x = 2 + t. Let y(n) = -6*n**3 - 4*n - 1. Let c(s) = x*y(s) + 3*m(s). Determine c(-2).
25
Let u(o) = -o**3 + 5*o**2 + o + 7. Let w = 89 - 104. Let l be (96/w)/(3 + 14/(-5)). Let z be 4/(-12) - l/6. Calculate u(z).
12
Let b(m) be the third derivative of -m**6/120 - 8*m**5/15 + 17*m**4/6 + 7*m**3/6 + 1988*m**2 + 2*m. What is b(-34)?
7
Suppose -68 = -2*o + 20. Let t(w) = 89*w - 48*w + 4 - o*w - 7 - w**2. What is t(-5)?
-13
Let x(a) = -2*a**2 + 1. Let t(i) = -i**2 + 34. Let z(r) = -t(r) + x(r). Let o(s) be the first derivative of z(s). What is o(3)?
-6
Let a(h) be the first derivative of -4*h**3/3 - 41*h + 41. Let s(y) be the first derivative of a(y). Give s(-4).
32
Let l = -16 - -16. Let a(g) = -4*g**2 - 36. Let y = 28 - 21. Let z(i) = -3*i**2 - 24. Let w(c) = y*z(c) - 5*a(c). Determine w(l).
12
Let u(z) = z**2 - 11*z + 19. Suppose 0 = -5*p + 3*j + 23, 2*p - 5*j = 9 + 4. Let k be u(p). Let y(b) = -b**3 - 10*b**2 - 9*b - 7. Determine y(k).
-7
Let z(v) = v**2 + 44*v + 159. Let a be z(-4). Suppose -3*s = -u + 15, 5*u + 2*s - 30 = 28. Let x(t) = 1 - 1 + u*t**2 + 2*t - t. Calculate x(a).
11
Let n = -8 + 5. Let i(h) = 4*h**2 + 17 + 7*h**3 - 72*h + 75*h - 17 - 6*h**3. Calculate i(n).
0
Let b(v) = -v**2 - v - 2. Suppose -4*w = -34 - 6. Suppose w*t - 7*t - 6 = 0. Suppose t = 2*q + 8. Determine b(q).
-8
Let g(k) = -606 - 3*k + 1178 - 584. Determine g(4).
-24
Let w(d) = 121*d - 239. Let o be w(2). Let s(p) be the third derivative of 0*p - 1/12*p**4 - 1/120*p**6 - 18*p**2 - 1/6*p**o + 0 - 1/30*p**5. Calculate s(-1).
0
Let s(i) = -i**3 + 8*i**2 - 9*i. Suppose -34*c - 1104 = -218*c. Give s(c).
18
Let g(s) = 11*s**2 + s - 21. Let k(j) = 36*j**2 + j - 66. Let l(x) = -13*g(x) + 4*k(x). Calculate l(10).
19
Let n(v) = v**3 - 7*v**2 + 7*v - 4. Suppose -o + 4*o - 3*j = 66, -2*j = 4*o - 82. Let m = -17 + o. Suppose -d = -3*u - 6, m*u + u - 30 = -5*d. Calculate n(d).
2
Let q(n) = -n**3 - n**2 - 2*n - 1. Suppose -2*c = -430 + 428. Let v be (-3 + 2)/(2/6). Let w be (c + v)*2/4. What is q(w)?
1
Let r(u) be the third derivative of 0*u + 0 - 1/2*u**3 + 1/60*u**5 - 42*u**2 - 1/8*u**4. Let x = -2 - -6. Calculate r(x).
1
Let s be 4*(-8)/(-4)*3/12. Suppose 5*x - l = -0*x + 3, 4*x + s*l = 8. Let p(h) = -h + 3. Determine p(x).
2
Suppose 12 = -11*w + 6*w - z, -2*w - 5*z = 14. Let m(u) = -2*u**3 - u**2 + 4*u + 2. Calculate m(w).
6
Let f(d) be the second derivative of d**5/20 + 2*d**4/3 + d**3/6 + 2*d**2 + 2*d - 1. Let h = -16 + 8. What is f(h)?
-4
Suppose 0 = -2*n + 4*q - 4, -3 = 3*n - 5*q - 0. Suppose 0 = n*b + b. Let o(v) = 157 - 2*v - 3*v**2 - 163 - v**2 + 3*v**2 + 3*v. Calculate o(b).
-6
Let y(p) = -2*p - 21. Suppose 5*g - 66 = -3*c - 24, -4*c = 4*g - 40. Suppose 10*t = g*t - 48. Let l be y(t). Let s(q) = q**3 - 6*q**2 + 3*q + 3. What is s(l)?
-15
Let p(m) = 4*m**2 + 16*m + 1. Let f = 3085 - 3089. Give p(f).
1
Let w = 525 + -524. Let o(k) = 14*k. Calculate o(w).
14
Let c(b) = -39 + 20 + 27 - b. Give c(7).
1
Let d(q) = 5*q + 0 + 557*q**2 - 555*q**2 - 1. Let a(i)